4749?
965
What is the remainder when 10285609 is divided by 10285447?
162
What is the remainder when 3728466 is divided by 2279?
22
Calculate the remainder when 154876 is divided by 949.
189
What is the remainder when 239476 is divided by 2693?
2492
Calculate the remainder when 20047 is divided by 19718.
329
Calculate the remainder when 970207 is divided by 2534.
2219
Calculate the remainder when 9215406 is divided by 142.
32
Calculate the remainder when 5626847 is divided by 5783.
5771
What is the remainder when 1744604 is divided by 3050?
4
Calculate the remainder when 34370 is divided by 5535.
1160
Calculate the remainder when 44958837 is divided by 52217.
0
Calculate the remainder when 349777426 is divided by 43722177.
10
Calculate the remainder when 615628 is divided by 38474.
44
What is the remainder when 122070729 is divided by 428?
421
Calculate the remainder when 14402772 is divided by 582.
18
What is the remainder when 669401 is divided by 7046?
31
Calculate the remainder when 3662559 is divided by 8212.
7
What is the remainder when 5381546 is divided by 677?
73
What is the remainder when 1046092 is divided by 108?
4
Calculate the remainder when 15144850 is divided by 7572417.
16
What is the remainder when 9949 is divided by 2475?
49
What is the remainder when 167313 is divided by 16182?
5493
What is the remainder when 2029166 is divided by 1012354?
4458
Calculate the remainder when 1104334 is divided by 2049.
1972
Calculate the remainder when 695534 is divided by 86935.
54
Calculate the remainder when 10236467 is divided by 33.
32
What is the remainder when 10460268 is divided by 223?
7
Calculate the remainder when 553587 is divided by 272.
67
Calculate the remainder when 85076 is divided by 621.
620
What is the remainder when 779128 is divided by 7350?
28
Calculate the remainder when 235096169 is divided by 698.
695
What is the remainder when 227358 is divided by 227341?
17
Calculate the remainder when 30213 is divided by 29159.
1054
What is the remainder when 9181663 is divided by 12129?
10
What is the remainder when 340862 is divided by 337266?
3596
What is the remainder when 31040 is divided by 482?
192
What is the remainder when 170813 is divided by 557?
371
Calculate the remainder when 11582666 is divided by 3527.
3525
What is the remainder when 16652 is divided by 1389?
1373
Calculate the remainder when 3742603 is divided by 67.
50
What is the remainder when 419569 is divided by 20843?
2709
What is the remainder when 3969240 is divided by 93?
0
Calculate the remainder when 224006516 is divided by 40.
36
Calculate the remainder when 974139 is divided by 1.
0
Calculate the remainder when 250358 is divided by 1739.
1681
What is the remainder when 33168 is divided by 5168?
2160
What is the remainder when 880665 is divided by 11899?
139
What is the remainder when 4025410 is divided by 2012609?
192
What is the remainder when 249266 is divided by 5197?
5007
Calculate the remainder when 6506203 is divided by 98.
81
Calculate the remainder when 398605 is divided by 4269.
1588
What is the remainder when 244775 is divided by 240681?
4094
What is the remainder when 869068 is divided by 54?
46
Calculate the remainder when 24758323 is divided by 3983.
3978
Calculate the remainder when 1574608 is divided by 11.
2
What is the remainder when 6613004 is divided by 213?
206
What is the remainder when 288864 is divided by 1472?
352
Calculate the remainder when 22376564 is divided by 2711.
2681
What is the remainder when 159549 is divided by 53047?
408
What is the remainder when 437687 is divided by 437359?
328
Calculate the remainder when 21627116 is divided by 10813539.
38
Calculate the remainder when 1040147 is divided by 207847.
912
What is the remainder when 294916 is divided by 42095?
251
Calculate the remainder when 394681 is divided by 1787.
1541
Calculate the remainder when 1612207 is divided by 1227.
1156
Calculate the remainder when 51528 is divided by 5061.
918
Calculate the remainder when 258873029 is divided by 8.
5
Calculate the remainder when 177570 is divided by 11837.
15
What is the remainder when 5550057 is divided by 452?
401
What is the remainder when 784548 is divided by 46?
18
Calculate the remainder when 480224 is divided by 245.
24
Calculate the remainder when 326918 is divided by 203.
88
Calculate the remainder when 469834 is divided by 3710.
2374
Calculate the remainder when 24202714 is divided by 5166.
4
What is the remainder when 72826534 is divided by 2080758?
4
Calculate the remainder when 360675 is divided by 200.
75
What is the remainder when 13321076 is divided by 732?
140
What is the remainder when 88907 is divided by 624?
299
Calculate the remainder when 108100 is divided by 1271.
65
What is the remainder when 2004187 is divided by 927?
13
Calculate the remainder when 1179405 is divided by 3437.
514
Calculate the remainder when 62237 is divided by 30132.
1973
What is the remainder when 72512 is divided by 25?
12
Calculate the remainder when 102545099 is divided by 34181698.
5
What is the remainder when 374335 is divided by 887?
21
Calculate the remainder when 245724 is divided by 3285.
2634
What is the remainder when 18428250 is divided by 6142747?
9
What is the remainder when 25455 is divided by 25028?
427
What is the remainder when 4579395 is divided by 140?
135
Calculate the remainder when 1488853 is divided by 355.
338
What is the remainder when 573 is divided by 386?
187
Calculate the remainder when 15020 is divided by 1901.
1713
What is the remainder when 20866238 is divided by 1693?
13
Calculate the remainder when 105783 is divided by 26343.
411
Calculate the remainder when 611771 is divided by 55560.
611
Calculate the remainder when 3358406 is divided by 3358306.
100
Calculate the remainder when 52717437 is divided by 2436.
2397
What is the remainder when 334757 is divided by 167365?
27
What is the remainder when 3642173 is divided by 19?
6
Calculate the remainder when 5063307 is divided by 46.
41
Calculate the remainder when 5563809 is divided by 56200.
9
Calculate the remainder when 2183748 is divided by 2881.
2831
Calculate the remainder when 10752235 is divided by 142.
137
Calculate the remainder when 7784675 is divided by 19.
14
What is the remainder when 33081285 is divided by 274?
169
What is the remainder when 115068 is divided by 114939?
129
What is the remainder when 33535 is divided by 3677?
442
What is the remainder when 956150579 is divided by 9933?
9932
Calculate the remainder when 839814 is divided by 76339.
85
Calculate the remainder when 642390076 is divided by 11.
9
Calculate the remainder when 21242108 is divided by 6908.
8
What is the remainder when 19839 is divided by 18161?
1678
Calculate the remainder when 2950466 is divided by 2859.
2837
Calculate the remainder when 57251347 is divided by 954189.
7
What is the remainder when 4353273 is divided by 25?
23
Calculate the remainder when 1730938 is divided by 549.
490
Calculate the remainder when 168720 is divided by 168710.
10
What is the remainder when 603243 is divided by 1685?
13
Calculate the remainder when 3925938 is divided by 57.
6
What is the remainder when 16868807 is divided by 3807?
3797
What is the remainder when 3077862 is divided by 384632?
806
Calculate the remainder when 40008 is divided by 9947.
220
What is the remainder when 32964 is divided by 277?
1
Calculate the remainder when 4469243 is divided by 16865.
18
Calculate the remainder when 121328 is divided by 5222.
1222
What is the remainder when 1000065 is divided by 318?
273
Calculate the remainder when 25928 is divided by 2178.
1970
What is the remainder when 5224804 is divided by 1741601?
1
Calculate the remainder when 31302281 is divided by 2086818.
11
Calculate the remainder when 497217 is divided by 108.
93
Calculate the remainder when 659159 is divided by 20.
19
Calculate the remainder when 1024005 is divided by 1232.
213
What is the remainder when 94009 is divided by 31168?
505
What is the remainder when 1593012 is divided by 1994?
1800
What is the remainder when 8764 is divided by 1899?
1168
What is the remainder when 213657 is divided by 52?
41
Calculate the remainder when 9991676 is divided by 302778.
2
What is the remainder when 685729 is divided b